{"id":9,"date":"2022-01-06T21:56:27","date_gmt":"2022-01-06T20:56:27","guid":{"rendered":"https:\/\/spendenmarathon.werder12emskoeppe.de\/neu\/?page_id=9"},"modified":"2022-04-05T10:06:17","modified_gmt":"2022-04-05T08:06:17","slug":"blog","status":"publish","type":"page","link":"https:\/\/spendenmarathon.werder12emskoeppe.de\/?page_id=9","title":{"rendered":"Emsland Rolli Mobility"},"content":{"rendered":"\n<figure class=\"wp-block-image size-large is-resized\"><img loading=\"lazy\" decoding=\"async\" src=\"https:\/\/spendenmarathon.werder12emskoeppe.de\/wp-content\/uploads\/2022\/01\/Logo_Rolli_Mobility-02-1024x545.jpg\" alt=\"\" class=\"wp-image-94\" width=\"384\" height=\"204\" srcset=\"https:\/\/spendenmarathon.werder12emskoeppe.de\/wp-content\/uploads\/2022\/01\/Logo_Rolli_Mobility-02-1024x545.jpg 1024w, https:\/\/spendenmarathon.werder12emskoeppe.de\/wp-content\/uploads\/2022\/01\/Logo_Rolli_Mobility-02-300x160.jpg 300w, https:\/\/spendenmarathon.werder12emskoeppe.de\/wp-content\/uploads\/2022\/01\/Logo_Rolli_Mobility-02-768x409.jpg 768w, https:\/\/spendenmarathon.werder12emskoeppe.de\/wp-content\/uploads\/2022\/01\/Logo_Rolli_Mobility-02-400x213.jpg 400w, https:\/\/spendenmarathon.werder12emskoeppe.de\/wp-content\/uploads\/2022\/01\/Logo_Rolli_Mobility-02-800x426.jpg 800w, https:\/\/spendenmarathon.werder12emskoeppe.de\/wp-content\/uploads\/2022\/01\/Logo_Rolli_Mobility-02.jpg 1402w\" sizes=\"auto, (max-width: 384px) 100vw, 384px\" \/><\/figure>\n\n\n\n<p>Nach einen \u00fcber 4 Tage stattgefundenen Rollstuhl- und Mobilit\u00e4tstrainingskurs der im April 2014 hat sich ein Club von Rollstuhlfahrern zusammengetan und die neue Gruppe \u201eEmsland Rolli Mobility\u201c wurde gegr\u00fcndet.<br>Jeden 1. Mittwoch im Monat von 10.00 Uhr \u2013 12.00 Uhr treffen sie sich unter der Leitung von Christian Willenborg (ehemals Tasche) und einen Mitarbeiter vom Kompetenzzentrum Kramer \u2013 Technische Orthop\u00e4die &amp; Rehatechnik in 26871 Papenburg in der Turnhalle der Pestalozzistra\u00dfe, Kreuzweg 9 in Papenburg.<\/p>\n\n\n\n<figure class=\"wp-block-embed is-type-video is-provider-youtube wp-block-embed-youtube wp-embed-aspect-16-9 wp-has-aspect-ratio\"><div class=\"wp-block-embed__wrapper\">\n<iframe loading=\"lazy\" title=\"Emsland Rolli Mobility\" width=\"520\" height=\"293\" src=\"https:\/\/www.youtube.com\/embed\/jnss64uiekU?feature=oembed\" frameborder=\"0\" allow=\"accelerometer; autoplay; clipboard-write; encrypted-media; gyroscope; picture-in-picture; web-share\" referrerpolicy=\"strict-origin-when-cross-origin\" allowfullscreen><\/iframe>\n<\/div><\/figure>\n\n\n\n<p>Christian Willenborg wird f\u00fcr die Dauer des Rollstuhl- und Mobilit\u00e4tskursus von der Firma Kompetenzzentrum Kramer freigestellt. Auch kleinere Defekte am Rollstuhl werden, wenn n\u00f6tig, durch den anwesenden Techniker repariert. Bis zum Ende des Jahres 2014 ist die Mitgliederzahl schon auf das Doppelte angestiegen.Auf diesen Treffen werden Fahrtechniken ge\u00fcbt, aber auch wie man seinen Rollstuhl beherrscht, trainiert Hindernisse zu meistern, wie z.B. Bordsteinkanten, Treppenstufen.<\/p>\n\n\n\n<figure class=\"wp-block-image size-full\"><img loading=\"lazy\" decoding=\"async\" width=\"640\" height=\"360\" src=\"https:\/\/spendenmarathon.werder12emskoeppe.de\/wp-content\/uploads\/2022\/01\/Mobility-01.jpg\" alt=\"\" class=\"wp-image-98\" srcset=\"https:\/\/spendenmarathon.werder12emskoeppe.de\/wp-content\/uploads\/2022\/01\/Mobility-01.jpg 640w, https:\/\/spendenmarathon.werder12emskoeppe.de\/wp-content\/uploads\/2022\/01\/Mobility-01-300x169.jpg 300w, https:\/\/spendenmarathon.werder12emskoeppe.de\/wp-content\/uploads\/2022\/01\/Mobility-01-400x225.jpg 400w\" sizes=\"auto, (max-width: 640px) 100vw, 640px\" \/><\/figure>\n\n\n\n<p>Man k\u00f6nnte den Kurs auch als Selbsthilfegruppe erkl\u00e4ren, weil man sich \u00fcber alles austauschen kann und erf\u00e4hrt was es sonst noch f\u00fcr Hilfen gibt, gern sind auch die Begleitpersonen in der Gruppe gesehen die auch dort viel dazulernen. Der Kurs zeigt wiederum auch, dass man nicht der einzige Rollstuhlfahrer auf der Welt ist, und dass es auch viele andere gibt, die noch laufen k\u00f6nnen, aber den Rollstuhl als Hilfe und Unterst\u00fctzung im t\u00e4glichen Leben annehmen. Das schwei\u00dft alle zusammen Mittlerweile treffen sich die Rollifahrer mit ihren Partnern schon au\u00dferhalb des Kurses zu anderen Aktivit\u00e4ten. Der Verein wird durch die Mitgliedschaft der BSG Meppen gef\u00f6rdert. Christian Tasche, der im Besitz eines \u00dcbungsleiterscheines des Deutschen Rollstuhlverbandes ist, f\u00f6rdert und fordert die Rollifahrer, damit sie bis an ihre m\u00f6glichen Grenzen gehen.<\/p>\n\n\n\n<figure class=\"wp-block-image size-full\"><img loading=\"lazy\" decoding=\"async\" width=\"1024\" height=\"576\" src=\"https:\/\/spendenmarathon.werder12emskoeppe.de\/wp-content\/uploads\/2022\/01\/Mobility-02.jpg\" alt=\"\" class=\"wp-image-93\" srcset=\"https:\/\/spendenmarathon.werder12emskoeppe.de\/wp-content\/uploads\/2022\/01\/Mobility-02.jpg 1024w, https:\/\/spendenmarathon.werder12emskoeppe.de\/wp-content\/uploads\/2022\/01\/Mobility-02-300x169.jpg 300w, https:\/\/spendenmarathon.werder12emskoeppe.de\/wp-content\/uploads\/2022\/01\/Mobility-02-768x432.jpg 768w, https:\/\/spendenmarathon.werder12emskoeppe.de\/wp-content\/uploads\/2022\/01\/Mobility-02-400x225.jpg 400w, https:\/\/spendenmarathon.werder12emskoeppe.de\/wp-content\/uploads\/2022\/01\/Mobility-02-800x450.jpg 800w\" sizes=\"auto, (max-width: 1024px) 100vw, 1024px\" \/><\/figure>\n\n\n\n<div class=\"wp-block-buttons is-layout-flex wp-block-buttons-is-layout-flex\">\n<div class=\"wp-block-button\"><a class=\"wp-block-button__link\" href=\"https:\/\/spendenmarathon.werder12emskoeppe.de\/?page_id=47\">Jetzt Spenden<\/a><\/div>\n<\/div>\n\n\n\n<p>Werde <strong>Helfer mit Herz<\/strong>, gemeinsam sind wir stark! <\/p>\n\n\n\n<p>Vielen Dank!<\/p>\n","protected":false},"excerpt":{"rendered":"<p>Nach einen \u00fcber 4 Tage stattgefundenen Rollstuhl- und Mobilit\u00e4tstrainingskurs der im April 2014 hat sich ein Club von Rollstuhlfahrern zusammengetan und die neue Gruppe \u201eEmsland Rolli Mobility\u201c wurde gegr\u00fcndet.Jeden 1. Mittwoch im Monat von 10.00 Uhr \u2013 12.00 Uhr treffen sie sich unter der Leitung von Christian Willenborg (ehemals Tasche) und einen Mitarbeiter vom Kompetenzzentrum [&hellip;]<\/p>\n","protected":false},"author":1,"featured_media":0,"parent":0,"menu_order":0,"comment_status":"closed","ping_status":"closed","template":"","meta":{"footnotes":""},"class_list":["post-9","page","type-page","status-publish","hentry","missing-thumbnail"],"_links":{"self":[{"href":"https:\/\/spendenmarathon.werder12emskoeppe.de\/index.php?rest_route=\/wp\/v2\/pages\/9","targetHints":{"allow":["GET"]}}],"collection":[{"href":"https:\/\/spendenmarathon.werder12emskoeppe.de\/index.php?rest_route=\/wp\/v2\/pages"}],"about":[{"href":"https:\/\/spendenmarathon.werder12emskoeppe.de\/index.php?rest_route=\/wp\/v2\/types\/page"}],"author":[{"embeddable":true,"href":"https:\/\/spendenmarathon.werder12emskoeppe.de\/index.php?rest_route=\/wp\/v2\/users\/1"}],"replies":[{"embeddable":true,"href":"https:\/\/spendenmarathon.werder12emskoeppe.de\/index.php?rest_route=%2Fwp%2Fv2%2Fcomments&post=9"}],"version-history":[{"count":9,"href":"https:\/\/spendenmarathon.werder12emskoeppe.de\/index.php?rest_route=\/wp\/v2\/pages\/9\/revisions"}],"predecessor-version":[{"id":370,"href":"https:\/\/spendenmarathon.werder12emskoeppe.de\/index.php?rest_route=\/wp\/v2\/pages\/9\/revisions\/370"}],"wp:attachment":[{"href":"https:\/\/spendenmarathon.werder12emskoeppe.de\/index.php?rest_route=%2Fwp%2Fv2%2Fmedia&parent=9"}],"curies":[{"name":"wp","href":"https:\/\/api.w.org\/{rel}","templated":true}]}}

<figure class="wp-block-image size-large is-resized"><img loading="lazy" decoding="async" src="https://spendenmarathon.werder12emskoeppe.de/wp-content/uploads/2022/01/Logo_Rolli_Mobility-02-1024x545.jpg" alt="" class="wp-image-94" width="384" height="204" srcset="https://spendenmarathon.werder12emskoeppe.de/wp-content/uploads/2022/01/Logo_Rolli_Mobility-02-1024x545.jpg 1024w, https://spendenmarathon.werder12emskoeppe.de/wp-content/uploads/2022/01/Logo_Rolli_Mobility-02-300x160.jpg 300w, https://spendenmarathon.werder12emskoeppe.de/wp-content/uploads/2022/01/Logo_Rolli_Mobility-02-768x409.jpg 768w, https://spendenmarathon.werder12emskoeppe.de/wp-content/uploads/2022/01/Logo_Rolli_Mobility-02-400x213.jpg 400w, https://spendenmarathon.werder12emskoeppe.de/wp-content/uploads/2022/01/Logo_Rolli_Mobility-02-800x426.jpg 800w, https://spendenmarathon.werder12emskoeppe.de/wp-content/uploads/2022/01/Logo_Rolli_Mobility-02.jpg 1402w" sizes="auto, (max-width: 384px) 100vw, 384px" /></figure>



<p>Nach einen über 4 Tage stattgefundenen Rollstuhl- und Mobilitätstrainingskurs der im April 2014 hat sich ein Club von Rollstuhlfahrern zusammengetan und die neue Gruppe „Emsland Rolli Mobility“ wurde gegründet.<br>Jeden 1. Mittwoch im Monat von 10.00 Uhr – 12.00 Uhr treffen sie sich unter der Leitung von Christian Willenborg (ehemals Tasche) und einen Mitarbeiter vom Kompetenzzentrum Kramer – Technische Orthopädie &amp; Rehatechnik in 26871 Papenburg in der Turnhalle der Pestalozzistraße, Kreuzweg 9 in Papenburg.</p>



<figure class="wp-block-embed is-type-video is-provider-youtube wp-block-embed-youtube wp-embed-aspect-16-9 wp-has-aspect-ratio"><div class="wp-block-embed__wrapper">
<iframe loading="lazy" title="Emsland Rolli Mobility" width="520" height="293" src="https://www.youtube.com/embed/jnss64uiekU?feature=oembed" frameborder="0" allow="accelerometer; autoplay; clipboard-write; encrypted-media; gyroscope; picture-in-picture; web-share" referrerpolicy="strict-origin-when-cross-origin" allowfullscreen></iframe>
</div></figure>



<p>Christian Willenborg wird für die Dauer des Rollstuhl- und Mobilitätskursus von der Firma Kompetenzzentrum Kramer freigestellt. Auch kleinere Defekte am Rollstuhl werden, wenn nötig, durch den anwesenden Techniker repariert. Bis zum Ende des Jahres 2014 ist die Mitgliederzahl schon auf das Doppelte angestiegen.Auf diesen Treffen werden Fahrtechniken geübt, aber auch wie man seinen Rollstuhl beherrscht, trainiert Hindernisse zu meistern, wie z.B. Bordsteinkanten, Treppenstufen.</p>



<figure class="wp-block-image size-full"><img loading="lazy" decoding="async" width="640" height="360" src="https://spendenmarathon.werder12emskoeppe.de/wp-content/uploads/2022/01/Mobility-01.jpg" alt="" class="wp-image-98" srcset="https://spendenmarathon.werder12emskoeppe.de/wp-content/uploads/2022/01/Mobility-01.jpg 640w, https://spendenmarathon.werder12emskoeppe.de/wp-content/uploads/2022/01/Mobility-01-300x169.jpg 300w, https://spendenmarathon.werder12emskoeppe.de/wp-content/uploads/2022/01/Mobility-01-400x225.jpg 400w" sizes="auto, (max-width: 640px) 100vw, 640px" /></figure>



<p>Man könnte den Kurs auch als Selbsthilfegruppe erklären, weil man sich über alles austauschen kann und erfährt was es sonst noch für Hilfen gibt, gern sind auch die Begleitpersonen in der Gruppe gesehen die auch dort viel dazulernen. Der Kurs zeigt wiederum auch, dass man nicht der einzige Rollstuhlfahrer auf der Welt ist, und dass es auch viele andere gibt, die noch laufen können, aber den Rollstuhl als Hilfe und Unterstützung im täglichen Leben annehmen. Das schweißt alle zusammen Mittlerweile treffen sich die Rollifahrer mit ihren Partnern schon außerhalb des Kurses zu anderen Aktivitäten. Der Verein wird durch die Mitgliedschaft der BSG Meppen gefördert. Christian Tasche, der im Besitz eines Übungsleiterscheines des Deutschen Rollstuhlverbandes ist, fördert und fordert die Rollifahrer, damit sie bis an ihre möglichen Grenzen gehen.</p>



<figure class="wp-block-image size-full"><img loading="lazy" decoding="async" width="1024" height="576" src="https://spendenmarathon.werder12emskoeppe.de/wp-content/uploads/2022/01/Mobility-02.jpg" alt="" class="wp-image-93" srcset="https://spendenmarathon.werder12emskoeppe.de/wp-content/uploads/2022/01/Mobility-02.jpg 1024w, https://spendenmarathon.werder12emskoeppe.de/wp-content/uploads/2022/01/Mobility-02-300x169.jpg 300w, https://spendenmarathon.werder12emskoeppe.de/wp-content/uploads/2022/01/Mobility-02-768x432.jpg 768w, https://spendenmarathon.werder12emskoeppe.de/wp-content/uploads/2022/01/Mobility-02-400x225.jpg 400w, https://spendenmarathon.werder12emskoeppe.de/wp-content/uploads/2022/01/Mobility-02-800x450.jpg 800w" sizes="auto, (max-width: 1024px) 100vw, 1024px" /></figure>



<div class="wp-block-buttons is-layout-flex wp-block-buttons-is-layout-flex">
<div class="wp-block-button"><a class="wp-block-button__link" href="https://spendenmarathon.werder12emskoeppe.de/?page_id=47">Jetzt Spenden</a></div>
</div>



<p>Werde <strong>Helfer mit Herz</strong>, gemeinsam sind wir stark! </p>



<p>Vielen Dank!</p>

<p>Nach einen über 4 Tage stattgefundenen Rollstuhl- und Mobilitätstrainingskurs der im April 2014 hat sich ein Club von Rollstuhlfahrern zusammengetan und die neue Gruppe „Emsland Rolli Mobility“ wurde gegründet.Jeden 1. Mittwoch im Monat von 10.00 Uhr – 12.00 Uhr treffen sie sich unter der Leitung von Christian Willenborg (ehemals Tasche) und einen Mitarbeiter vom Kompetenzzentrum [&hellip;]</p>
