{"id":7,"date":"2022-01-06T21:56:27","date_gmt":"2022-01-06T20:56:27","guid":{"rendered":"https:\/\/spendenmarathon.werder12emskoeppe.de\/neu\/?page_id=7"},"modified":"2022-01-08T13:39:26","modified_gmt":"2022-01-08T12:39:26","slug":"ueber-uns","status":"publish","type":"page","link":"https:\/\/spendenmarathon.werder12emskoeppe.de\/?page_id=7","title":{"rendered":"Werder 12 Emsk\u00f6ppe"},"content":{"rendered":"\n<h5 class=\"wp-block-heading\">(Offizieller Werder Bremen Fanclub)<\/h5>\n\n\n\n<figure class=\"wp-block-image size-full\"><img loading=\"lazy\" decoding=\"async\" width=\"960\" height=\"540\" src=\"https:\/\/spendenmarathon.werder12emskoeppe.de\/wp-content\/uploads\/2022\/01\/206298102_3756031491168245_7613456688098114532_n.jpg\" alt=\"\" class=\"wp-image-85\" srcset=\"https:\/\/spendenmarathon.werder12emskoeppe.de\/wp-content\/uploads\/2022\/01\/206298102_3756031491168245_7613456688098114532_n.jpg 960w, https:\/\/spendenmarathon.werder12emskoeppe.de\/wp-content\/uploads\/2022\/01\/206298102_3756031491168245_7613456688098114532_n-300x169.jpg 300w, https:\/\/spendenmarathon.werder12emskoeppe.de\/wp-content\/uploads\/2022\/01\/206298102_3756031491168245_7613456688098114532_n-768x432.jpg 768w, https:\/\/spendenmarathon.werder12emskoeppe.de\/wp-content\/uploads\/2022\/01\/206298102_3756031491168245_7613456688098114532_n-400x225.jpg 400w, https:\/\/spendenmarathon.werder12emskoeppe.de\/wp-content\/uploads\/2022\/01\/206298102_3756031491168245_7613456688098114532_n-800x450.jpg 800w\" sizes=\"auto, (max-width: 960px) 100vw, 960px\" \/><\/figure>\n\n\n\n<p>Werder 12 Emsk\u00f6ppe ist ein offizieller Fanclub des Werder Bremen, wurde im Dezember 2007 gegr\u00fcndet und z\u00e4hlt nunmehr 35 Mitglieder im Alter von 16 bis 45 Jahren. Durch unseren engen Kontakt zum Dachverband schaffen wir es, unseren Mitgliedern eine vielzahl an M\u00f6glichkeiten zu bieten. Dazu geh\u00f6ren unter anderem der Nutzen unseres Kartenvorverkaufrechts, Kontakte zu zahlreichen anderen Fanclubs und nicht zuletzt auch die M\u00f6glichkeit, unsere Idole pers\u00f6nlich zu treffen.Was unseren Verein ausmacht ist wohl die hohe Aktivit\u00e4t und die breite Auswahl verschiedenster Aktionen. So planen wir selbst vom Fanclub aus regelm\u00e4\u00dfig gro\u00dfe Veranstaltungen, wie zum Beispiel Volleyball- und Fu\u00dfballturniere, aber auch kleinere Treffen, wie ein gemeinsames Bo\u00dfeln oder Bowling. Auch auf Veranstaltungen anderer Fanclubs sind wir anzutreffen.Auch wir sind nat\u00fcrlich sehr aktiv, wenn es darum geht, sich sozial zu engagieren. Da wird dann auch mal spontan ein Fu\u00dfmarsch aus Meppen zum Werderspiel in Bremen durchgef\u00fchrt. Wir unterst\u00fctzten u.a. die Emsland Rolli-Baskets und die Rolli-Kids in Meppen. 2016 wurde unser Fanclub dank des sozialen Engagements &#8222;Fanclub des Jahres&#8220; ausgezeichnetDoch was w\u00e4re ein echter Fanclub ohne Stammlokal? Aus diesem Grund haben wir mit Der Bahnhofsklause Fischer in Meppen eine Partnerschaft abgeschlossen. Die dortige Sportsbar kann von Mitglieder genutzt werden, die nicht live mit beim Spiel sein k\u00f6nnen &#8211; denn jedes Heim- sowie Ausw\u00e4rtsspiel wird selbstverst\u00e4ndlich auch von uns besucht.Damit im Club nicht alles drunter und dr\u00fcber l\u00e4uft, haben wir nat\u00fcrlich eine Satzung, die das Verhalten intern regelt. Wer interesse hat, kann sie sich im Anhang des Anmeldeformulares ansehen.<\/p>\n\n\n\n<figure class=\"wp-block-image size-full is-resized\"><img loading=\"lazy\" decoding=\"async\" src=\"https:\/\/spendenmarathon.werder12emskoeppe.de\/wp-content\/uploads\/2022\/01\/57543532_1891059010998845_5291671687476019200_n.png\" alt=\"\" class=\"wp-image-96\" width=\"166\" height=\"166\" srcset=\"https:\/\/spendenmarathon.werder12emskoeppe.de\/wp-content\/uploads\/2022\/01\/57543532_1891059010998845_5291671687476019200_n.png 400w, https:\/\/spendenmarathon.werder12emskoeppe.de\/wp-content\/uploads\/2022\/01\/57543532_1891059010998845_5291671687476019200_n-300x300.png 300w, https:\/\/spendenmarathon.werder12emskoeppe.de\/wp-content\/uploads\/2022\/01\/57543532_1891059010998845_5291671687476019200_n-150x150.png 150w\" sizes=\"auto, (max-width: 166px) 100vw, 166px\" \/><\/figure>\n\n\n\n<p><strong>1. Vorsitzender: Bj\u00f6rn Stelmaszczyk<\/strong><br>Soziale Projekte\/\u00d6ffentlichkeitsarbeit Info@werder12emskoeppe.de <\/p>\n\n\n\n<p><strong>2. Vorsitzender: Patrick Weidling <\/strong>Clubevents\/Clubveranstaltungen event@werder12emskoeppe.de <\/p>\n\n\n\n<p><strong>3. Vorsitzender: Azad Mohammed <\/strong>Integrationsmannschft\/Sporteventssport@werder12emskoeppe.de <\/p>\n\n\n\n<p><strong>Kassenw\u00e4rtin: Denise Bartsch<\/strong> Kartenbestellung\/Kontof\u00fchrung karten@werder12emskoeppe.de <\/p>\n\n\n\n<div class=\"wp-block-buttons is-layout-flex wp-block-buttons-is-layout-flex\">\n<div class=\"wp-block-button\"><a class=\"wp-block-button__link\" href=\"https:\/\/spendenmarathon.werder12emskoeppe.de\/?page_id=47\">Jetzt Spenden<\/a><\/div>\n<\/div>\n\n\n\n<p>Werder <strong>Helfer mit Herz<\/strong>, gemeinsam sind wir stark!<\/p>\n\n\n\n<p>Vielen Dank!<\/p>\n","protected":false},"excerpt":{"rendered":"<p>(Offizieller Werder Bremen Fanclub) Werder 12 Emsk\u00f6ppe ist ein offizieller Fanclub des Werder Bremen, wurde im Dezember 2007 gegr\u00fcndet und z\u00e4hlt nunmehr 35 Mitglieder im Alter von 16 bis 45 Jahren. Durch unseren engen Kontakt zum Dachverband schaffen wir es, unseren Mitgliedern eine vielzahl an M\u00f6glichkeiten zu bieten. Dazu geh\u00f6ren unter anderem der Nutzen unseres [&hellip;]<\/p>\n","protected":false},"author":1,"featured_media":0,"parent":0,"menu_order":0,"comment_status":"closed","ping_status":"closed","template":"","meta":{"footnotes":""},"class_list":["post-7","page","type-page","status-publish","hentry","missing-thumbnail"],"_links":{"self":[{"href":"https:\/\/spendenmarathon.werder12emskoeppe.de\/index.php?rest_route=\/wp\/v2\/pages\/7","targetHints":{"allow":["GET"]}}],"collection":[{"href":"https:\/\/spendenmarathon.werder12emskoeppe.de\/index.php?rest_route=\/wp\/v2\/pages"}],"about":[{"href":"https:\/\/spendenmarathon.werder12emskoeppe.de\/index.php?rest_route=\/wp\/v2\/types\/page"}],"author":[{"embeddable":true,"href":"https:\/\/spendenmarathon.werder12emskoeppe.de\/index.php?rest_route=\/wp\/v2\/users\/1"}],"replies":[{"embeddable":true,"href":"https:\/\/spendenmarathon.werder12emskoeppe.de\/index.php?rest_route=%2Fwp%2Fv2%2Fcomments&post=7"}],"version-history":[{"count":9,"href":"https:\/\/spendenmarathon.werder12emskoeppe.de\/index.php?rest_route=\/wp\/v2\/pages\/7\/revisions"}],"predecessor-version":[{"id":151,"href":"https:\/\/spendenmarathon.werder12emskoeppe.de\/index.php?rest_route=\/wp\/v2\/pages\/7\/revisions\/151"}],"wp:attachment":[{"href":"https:\/\/spendenmarathon.werder12emskoeppe.de\/index.php?rest_route=%2Fwp%2Fv2%2Fmedia&parent=7"}],"curies":[{"name":"wp","href":"https:\/\/api.w.org\/{rel}","templated":true}]}}

Werder 12 Emsköppe

<h5 class="wp-block-heading">(Offizieller Werder Bremen Fanclub)</h5>



<figure class="wp-block-image size-full"><img loading="lazy" decoding="async" width="960" height="540" src="https://spendenmarathon.werder12emskoeppe.de/wp-content/uploads/2022/01/206298102_3756031491168245_7613456688098114532_n.jpg" alt="" class="wp-image-85" srcset="https://spendenmarathon.werder12emskoeppe.de/wp-content/uploads/2022/01/206298102_3756031491168245_7613456688098114532_n.jpg 960w, https://spendenmarathon.werder12emskoeppe.de/wp-content/uploads/2022/01/206298102_3756031491168245_7613456688098114532_n-300x169.jpg 300w, https://spendenmarathon.werder12emskoeppe.de/wp-content/uploads/2022/01/206298102_3756031491168245_7613456688098114532_n-768x432.jpg 768w, https://spendenmarathon.werder12emskoeppe.de/wp-content/uploads/2022/01/206298102_3756031491168245_7613456688098114532_n-400x225.jpg 400w, https://spendenmarathon.werder12emskoeppe.de/wp-content/uploads/2022/01/206298102_3756031491168245_7613456688098114532_n-800x450.jpg 800w" sizes="auto, (max-width: 960px) 100vw, 960px" /></figure>



<p>Werder 12 Emsköppe ist ein offizieller Fanclub des Werder Bremen, wurde im Dezember 2007 gegründet und zählt nunmehr 35 Mitglieder im Alter von 16 bis 45 Jahren. Durch unseren engen Kontakt zum Dachverband schaffen wir es, unseren Mitgliedern eine vielzahl an Möglichkeiten zu bieten. Dazu gehören unter anderem der Nutzen unseres Kartenvorverkaufrechts, Kontakte zu zahlreichen anderen Fanclubs und nicht zuletzt auch die Möglichkeit, unsere Idole persönlich zu treffen.Was unseren Verein ausmacht ist wohl die hohe Aktivität und die breite Auswahl verschiedenster Aktionen. So planen wir selbst vom Fanclub aus regelmäßig große Veranstaltungen, wie zum Beispiel Volleyball- und Fußballturniere, aber auch kleinere Treffen, wie ein gemeinsames Boßeln oder Bowling. Auch auf Veranstaltungen anderer Fanclubs sind wir anzutreffen.Auch wir sind natürlich sehr aktiv, wenn es darum geht, sich sozial zu engagieren. Da wird dann auch mal spontan ein Fußmarsch aus Meppen zum Werderspiel in Bremen durchgeführt. Wir unterstützten u.a. die Emsland Rolli-Baskets und die Rolli-Kids in Meppen. 2016 wurde unser Fanclub dank des sozialen Engagements &#8222;Fanclub des Jahres&#8220; ausgezeichnetDoch was wäre ein echter Fanclub ohne Stammlokal? Aus diesem Grund haben wir mit Der Bahnhofsklause Fischer in Meppen eine Partnerschaft abgeschlossen. Die dortige Sportsbar kann von Mitglieder genutzt werden, die nicht live mit beim Spiel sein können &#8211; denn jedes Heim- sowie Auswärtsspiel wird selbstverständlich auch von uns besucht.Damit im Club nicht alles drunter und drüber läuft, haben wir natürlich eine Satzung, die das Verhalten intern regelt. Wer interesse hat, kann sie sich im Anhang des Anmeldeformulares ansehen.</p>



<figure class="wp-block-image size-full is-resized"><img loading="lazy" decoding="async" src="https://spendenmarathon.werder12emskoeppe.de/wp-content/uploads/2022/01/57543532_1891059010998845_5291671687476019200_n.png" alt="" class="wp-image-96" width="166" height="166" srcset="https://spendenmarathon.werder12emskoeppe.de/wp-content/uploads/2022/01/57543532_1891059010998845_5291671687476019200_n.png 400w, https://spendenmarathon.werder12emskoeppe.de/wp-content/uploads/2022/01/57543532_1891059010998845_5291671687476019200_n-300x300.png 300w, https://spendenmarathon.werder12emskoeppe.de/wp-content/uploads/2022/01/57543532_1891059010998845_5291671687476019200_n-150x150.png 150w" sizes="auto, (max-width: 166px) 100vw, 166px" /></figure>



<p><strong>1. Vorsitzender: Björn Stelmaszczyk</strong><br>Soziale Projekte/Öffentlichkeitsarbeit Info@werder12emskoeppe.de </p>



<p><strong>2. Vorsitzender: Patrick Weidling </strong>Clubevents/Clubveranstaltungen event@werder12emskoeppe.de </p>



<p><strong>3. Vorsitzender: Azad Mohammed </strong>Integrationsmannschft/Sporteventssport@werder12emskoeppe.de </p>



<p><strong>Kassenwärtin: Denise Bartsch</strong> Kartenbestellung/Kontoführung karten@werder12emskoeppe.de </p>



<div class="wp-block-buttons is-layout-flex wp-block-buttons-is-layout-flex">
<div class="wp-block-button"><a class="wp-block-button__link" href="https://spendenmarathon.werder12emskoeppe.de/?page_id=47">Jetzt Spenden</a></div>
</div>



<p>Werder <strong>Helfer mit Herz</strong>, gemeinsam sind wir stark!</p>



<p>Vielen Dank!</p>

<p>(Offizieller Werder Bremen Fanclub) Werder 12 Emsköppe ist ein offizieller Fanclub des Werder Bremen, wurde im Dezember 2007 gegründet und zählt nunmehr 35 Mitglieder im Alter von 16 bis 45 Jahren. Durch unseren engen Kontakt zum Dachverband schaffen wir es, unseren Mitgliedern eine vielzahl an Möglichkeiten zu bieten. Dazu gehören unter anderem der Nutzen unseres [&hellip;]</p>
