{"id":34,"date":"2022-01-07T07:35:24","date_gmt":"2022-01-07T06:35:24","guid":{"rendered":"https:\/\/spendenmarathon.werder12emskoeppe.de\/neu\/?page_id=34"},"modified":"2022-04-19T11:12:20","modified_gmt":"2022-04-19T09:12:20","slug":"das-event","status":"publish","type":"page","link":"https:\/\/spendenmarathon.werder12emskoeppe.de\/?page_id=34","title":{"rendered":"Gemeinsam 42,195 km"},"content":{"rendered":"\n<p><strong>Am Ostermontag wird Bj\u00f6rn (Werder 12 Emsk\u00f6ppe) die 42,195 Kilometer gemeinsam mit Jorge von den Emsland Rolli Kids, der aufgrund einer spastischen Diparese seit seiner Geburt im Rollstuhl sitzt, bew\u00e4ltigen.<\/strong> <\/p>\n\n\n\n<figure class=\"wp-block-image size-large\"><img loading=\"lazy\" decoding=\"async\" width=\"1024\" height=\"958\" src=\"https:\/\/spendenmarathon.werder12emskoeppe.de\/wp-content\/uploads\/2022\/02\/AddText_02-27-12.02.48-1024x958.jpg\" alt=\"\" class=\"wp-image-326\" srcset=\"https:\/\/spendenmarathon.werder12emskoeppe.de\/wp-content\/uploads\/2022\/02\/AddText_02-27-12.02.48-1024x958.jpg 1024w, https:\/\/spendenmarathon.werder12emskoeppe.de\/wp-content\/uploads\/2022\/02\/AddText_02-27-12.02.48-300x281.jpg 300w, https:\/\/spendenmarathon.werder12emskoeppe.de\/wp-content\/uploads\/2022\/02\/AddText_02-27-12.02.48-768x719.jpg 768w, https:\/\/spendenmarathon.werder12emskoeppe.de\/wp-content\/uploads\/2022\/02\/AddText_02-27-12.02.48-1536x1437.jpg 1536w, https:\/\/spendenmarathon.werder12emskoeppe.de\/wp-content\/uploads\/2022\/02\/AddText_02-27-12.02.48-2048x1917.jpg 2048w, https:\/\/spendenmarathon.werder12emskoeppe.de\/wp-content\/uploads\/2022\/02\/AddText_02-27-12.02.48-1870x1750.jpg 1870w, https:\/\/spendenmarathon.werder12emskoeppe.de\/wp-content\/uploads\/2022\/02\/AddText_02-27-12.02.48-400x374.jpg 400w, https:\/\/spendenmarathon.werder12emskoeppe.de\/wp-content\/uploads\/2022\/02\/AddText_02-27-12.02.48-800x749.jpg 800w\" sizes=\"auto, (max-width: 1024px) 100vw, 1024px\" \/><figcaption>Jorge und Bj\u00f6rn werden gemeinsam die Marathondistanz bew\u00e4ltigen<\/figcaption><\/figure>\n\n\n\n<figure class=\"wp-block-image size-large\"><a href=\"https:\/\/www.ndr.de\/fernsehen\/sendungen\/hallo_niedersachsen\/Meppen-Tandem-Marathon-fuer-einen-guten-Zweck,hallonds72608.html\"><img loading=\"lazy\" decoding=\"async\" width=\"1024\" height=\"554\" src=\"https:\/\/spendenmarathon.werder12emskoeppe.de\/wp-content\/uploads\/2022\/04\/Screenshot_20220419-110550_Samsung-Internet-2-1024x554.jpg\" alt=\"\" class=\"wp-image-408\" srcset=\"https:\/\/spendenmarathon.werder12emskoeppe.de\/wp-content\/uploads\/2022\/04\/Screenshot_20220419-110550_Samsung-Internet-2-1024x554.jpg 1024w, https:\/\/spendenmarathon.werder12emskoeppe.de\/wp-content\/uploads\/2022\/04\/Screenshot_20220419-110550_Samsung-Internet-2-300x162.jpg 300w, https:\/\/spendenmarathon.werder12emskoeppe.de\/wp-content\/uploads\/2022\/04\/Screenshot_20220419-110550_Samsung-Internet-2-768x415.jpg 768w, https:\/\/spendenmarathon.werder12emskoeppe.de\/wp-content\/uploads\/2022\/04\/Screenshot_20220419-110550_Samsung-Internet-2-400x216.jpg 400w, https:\/\/spendenmarathon.werder12emskoeppe.de\/wp-content\/uploads\/2022\/04\/Screenshot_20220419-110550_Samsung-Internet-2-800x433.jpg 800w, https:\/\/spendenmarathon.werder12emskoeppe.de\/wp-content\/uploads\/2022\/04\/Screenshot_20220419-110550_Samsung-Internet-2.jpg 1080w\" sizes=\"auto, (max-width: 1024px) 100vw, 1024px\" \/><\/a><figcaption>NDR Hallo Niedersachsen 18.04.2022 <\/figcaption><\/figure>\n\n\n\n<p>Der Startschuss wird am 18. April um 10 Uhr  am Meppener Rathaus fallen. In der Harener Innenstadt ist die H\u00e4lfte (21 KM Halbmarathondistanz) von 42,195 KM erreicht. Die letzten Meter f\u00fchren dann durch die wundersch\u00f6ne Meppener Innenstadt direkt zum Rathaus in den Zieleinlauf.<\/p>\n\n\n\n<figure class=\"wp-block-image size-full\"><img loading=\"lazy\" decoding=\"async\" width=\"335\" height=\"538\" src=\"https:\/\/spendenmarathon.werder12emskoeppe.de\/wp-content\/uploads\/2022\/01\/97584830_2631299350308137_2186193462389374976_n-1.jpg\" alt=\"\" class=\"wp-image-118\" srcset=\"https:\/\/spendenmarathon.werder12emskoeppe.de\/wp-content\/uploads\/2022\/01\/97584830_2631299350308137_2186193462389374976_n-1.jpg 335w, https:\/\/spendenmarathon.werder12emskoeppe.de\/wp-content\/uploads\/2022\/01\/97584830_2631299350308137_2186193462389374976_n-1-187x300.jpg 187w\" sizes=\"auto, (max-width: 335px) 100vw, 335px\" \/><\/figure>\n\n\n\n<p>Im welchen Umfang wir den tollen Tag gestalten k\u00f6nnen m\u00fcssen wir im Verlauf der n\u00e4chsten Wochen abwarten und stetig neu bewerten. Leider ist Corona auch weiterhin eine ernstzunehmende Situation. Desweiteren m\u00fcssen wir nat\u00fcrlich auch abwarten in welcher Form die Beh\u00f6rden\/\u00c4mter uns untert\u00fctzen. <strong>Wir  halten euch hier auf den laufenden!<\/strong><\/p>\n\n\n\n<p><strong>Macht uns bitte trotzdem Vorschl\u00e4ge wie wir den Tag mit euch gestalten k\u00f6nnen!<\/strong><\/p>\n\n\n\n<div class=\"wp-block-buttons is-layout-flex wp-block-buttons-is-layout-flex\">\n<div class=\"wp-block-button\"><a class=\"wp-block-button__link\" href=\"https:\/\/spendenmarathon.werder12emskoeppe.de\/?page_id=47\">Jetzt Spenden<\/a><\/div>\n<\/div>\n\n\n\n<figure class=\"wp-block-embed is-type-wp-embed is-provider-ems-tv wp-block-embed-ems-tv wp-embed-aspect-16-9 wp-has-aspect-ratio\"><div class=\"wp-block-embed__wrapper\">\n<blockquote class=\"wp-embedded-content\" data-secret=\"7kO0Z1THDp\"><a href=\"https:\/\/emstv.de\/videobeitrag\/der-etwas-andere-marathon-fuer-den-guten-zweck\/\">Der etwas andere Marathon f\u00fcr den guten Zweck<\/a><\/blockquote><iframe loading=\"lazy\" class=\"wp-embedded-content\" sandbox=\"allow-scripts\" security=\"restricted\" style=\"position: absolute; clip: rect(1px, 1px, 1px, 1px);\" title=\"&#8222;Der etwas andere Marathon f\u00fcr den guten Zweck&#8220; &#8212; ems TV\" src=\"https:\/\/emstv.de\/videobeitrag\/der-etwas-andere-marathon-fuer-den-guten-zweck\/embed\/#?secret=7kO0Z1THDp\" data-secret=\"7kO0Z1THDp\" width=\"520\" height=\"293\" frameborder=\"0\" marginwidth=\"0\" marginheight=\"0\" scrolling=\"no\"><\/iframe>\n<\/div><figcaption>EMS TV: <strong>Der etwas andere Marathon f\u00fcr den guten Zweck<\/strong><\/figcaption><\/figure>\n\n\n\n<p>Werde <strong>Helfer mit Herz<\/strong>, gemeinsam sind wir stark!<\/p>\n\n\n\n<p>Vielen Dank!<\/p>\n","protected":false},"excerpt":{"rendered":"<p>Am Ostermontag wird Bj\u00f6rn (Werder 12 Emsk\u00f6ppe) die 42,195 Kilometer gemeinsam mit Jorge von den Emsland Rolli Kids, der aufgrund einer spastischen Diparese seit seiner Geburt im Rollstuhl sitzt, bew\u00e4ltigen. Der Startschuss wird am 18. April um 10 Uhr am Meppener Rathaus fallen. In der Harener Innenstadt ist die H\u00e4lfte (21 KM Halbmarathondistanz) von 42,195 [&hellip;]<\/p>\n","protected":false},"author":1,"featured_media":0,"parent":0,"menu_order":0,"comment_status":"closed","ping_status":"closed","template":"","meta":{"footnotes":""},"class_list":["post-34","page","type-page","status-publish","hentry","missing-thumbnail"],"_links":{"self":[{"href":"https:\/\/spendenmarathon.werder12emskoeppe.de\/index.php?rest_route=\/wp\/v2\/pages\/34","targetHints":{"allow":["GET"]}}],"collection":[{"href":"https:\/\/spendenmarathon.werder12emskoeppe.de\/index.php?rest_route=\/wp\/v2\/pages"}],"about":[{"href":"https:\/\/spendenmarathon.werder12emskoeppe.de\/index.php?rest_route=\/wp\/v2\/types\/page"}],"author":[{"embeddable":true,"href":"https:\/\/spendenmarathon.werder12emskoeppe.de\/index.php?rest_route=\/wp\/v2\/users\/1"}],"replies":[{"embeddable":true,"href":"https:\/\/spendenmarathon.werder12emskoeppe.de\/index.php?rest_route=%2Fwp%2Fv2%2Fcomments&post=34"}],"version-history":[{"count":12,"href":"https:\/\/spendenmarathon.werder12emskoeppe.de\/index.php?rest_route=\/wp\/v2\/pages\/34\/revisions"}],"predecessor-version":[{"id":409,"href":"https:\/\/spendenmarathon.werder12emskoeppe.de\/index.php?rest_route=\/wp\/v2\/pages\/34\/revisions\/409"}],"wp:attachment":[{"href":"https:\/\/spendenmarathon.werder12emskoeppe.de\/index.php?rest_route=%2Fwp%2Fv2%2Fmedia&parent=34"}],"curies":[{"name":"wp","href":"https:\/\/api.w.org\/{rel}","templated":true}]}}

<p><strong>Am Ostermontag wird Björn (Werder 12 Emsköppe) die 42,195 Kilometer gemeinsam mit Jorge von den Emsland Rolli Kids, der aufgrund einer spastischen Diparese seit seiner Geburt im Rollstuhl sitzt, bewältigen.</strong> </p>



<figure class="wp-block-image size-large"><img loading="lazy" decoding="async" width="1024" height="958" src="https://spendenmarathon.werder12emskoeppe.de/wp-content/uploads/2022/02/AddText_02-27-12.02.48-1024x958.jpg" alt="" class="wp-image-326" srcset="https://spendenmarathon.werder12emskoeppe.de/wp-content/uploads/2022/02/AddText_02-27-12.02.48-1024x958.jpg 1024w, https://spendenmarathon.werder12emskoeppe.de/wp-content/uploads/2022/02/AddText_02-27-12.02.48-300x281.jpg 300w, https://spendenmarathon.werder12emskoeppe.de/wp-content/uploads/2022/02/AddText_02-27-12.02.48-768x719.jpg 768w, https://spendenmarathon.werder12emskoeppe.de/wp-content/uploads/2022/02/AddText_02-27-12.02.48-1536x1437.jpg 1536w, https://spendenmarathon.werder12emskoeppe.de/wp-content/uploads/2022/02/AddText_02-27-12.02.48-2048x1917.jpg 2048w, https://spendenmarathon.werder12emskoeppe.de/wp-content/uploads/2022/02/AddText_02-27-12.02.48-1870x1750.jpg 1870w, https://spendenmarathon.werder12emskoeppe.de/wp-content/uploads/2022/02/AddText_02-27-12.02.48-400x374.jpg 400w, https://spendenmarathon.werder12emskoeppe.de/wp-content/uploads/2022/02/AddText_02-27-12.02.48-800x749.jpg 800w" sizes="auto, (max-width: 1024px) 100vw, 1024px" /><figcaption>Jorge und Björn werden gemeinsam die Marathondistanz bewältigen</figcaption></figure>



<figure class="wp-block-image size-large"><a href="https://www.ndr.de/fernsehen/sendungen/hallo_niedersachsen/Meppen-Tandem-Marathon-fuer-einen-guten-Zweck,hallonds72608.html"><img loading="lazy" decoding="async" width="1024" height="554" src="https://spendenmarathon.werder12emskoeppe.de/wp-content/uploads/2022/04/Screenshot_20220419-110550_Samsung-Internet-2-1024x554.jpg" alt="" class="wp-image-408" srcset="https://spendenmarathon.werder12emskoeppe.de/wp-content/uploads/2022/04/Screenshot_20220419-110550_Samsung-Internet-2-1024x554.jpg 1024w, https://spendenmarathon.werder12emskoeppe.de/wp-content/uploads/2022/04/Screenshot_20220419-110550_Samsung-Internet-2-300x162.jpg 300w, https://spendenmarathon.werder12emskoeppe.de/wp-content/uploads/2022/04/Screenshot_20220419-110550_Samsung-Internet-2-768x415.jpg 768w, https://spendenmarathon.werder12emskoeppe.de/wp-content/uploads/2022/04/Screenshot_20220419-110550_Samsung-Internet-2-400x216.jpg 400w, https://spendenmarathon.werder12emskoeppe.de/wp-content/uploads/2022/04/Screenshot_20220419-110550_Samsung-Internet-2-800x433.jpg 800w, https://spendenmarathon.werder12emskoeppe.de/wp-content/uploads/2022/04/Screenshot_20220419-110550_Samsung-Internet-2.jpg 1080w" sizes="auto, (max-width: 1024px) 100vw, 1024px" /></a><figcaption>NDR Hallo Niedersachsen 18.04.2022 </figcaption></figure>



<p>Der Startschuss wird am 18. April um 10 Uhr  am Meppener Rathaus fallen. In der Harener Innenstadt ist die Hälfte (21 KM Halbmarathondistanz) von 42,195 KM erreicht. Die letzten Meter führen dann durch die wunderschöne Meppener Innenstadt direkt zum Rathaus in den Zieleinlauf.</p>



<figure class="wp-block-image size-full"><img loading="lazy" decoding="async" width="335" height="538" src="https://spendenmarathon.werder12emskoeppe.de/wp-content/uploads/2022/01/97584830_2631299350308137_2186193462389374976_n-1.jpg" alt="" class="wp-image-118" srcset="https://spendenmarathon.werder12emskoeppe.de/wp-content/uploads/2022/01/97584830_2631299350308137_2186193462389374976_n-1.jpg 335w, https://spendenmarathon.werder12emskoeppe.de/wp-content/uploads/2022/01/97584830_2631299350308137_2186193462389374976_n-1-187x300.jpg 187w" sizes="auto, (max-width: 335px) 100vw, 335px" /></figure>



<p>Im welchen Umfang wir den tollen Tag gestalten können müssen wir im Verlauf der nächsten Wochen abwarten und stetig neu bewerten. Leider ist Corona auch weiterhin eine ernstzunehmende Situation. Desweiteren müssen wir natürlich auch abwarten in welcher Form die Behörden/Ämter uns untertützen. <strong>Wir  halten euch hier auf den laufenden!</strong></p>



<p><strong>Macht uns bitte trotzdem Vorschläge wie wir den Tag mit euch gestalten können!</strong></p>



<div class="wp-block-buttons is-layout-flex wp-block-buttons-is-layout-flex">
<div class="wp-block-button"><a class="wp-block-button__link" href="https://spendenmarathon.werder12emskoeppe.de/?page_id=47">Jetzt Spenden</a></div>
</div>



<figure class="wp-block-embed is-type-wp-embed is-provider-ems-tv wp-block-embed-ems-tv wp-embed-aspect-16-9 wp-has-aspect-ratio"><div class="wp-block-embed__wrapper">
<blockquote class="wp-embedded-content" data-secret="7kO0Z1THDp"><a href="https://emstv.de/videobeitrag/der-etwas-andere-marathon-fuer-den-guten-zweck/">Der etwas andere Marathon für den guten Zweck</a></blockquote><iframe loading="lazy" class="wp-embedded-content" sandbox="allow-scripts" security="restricted" style="position: absolute; clip: rect(1px, 1px, 1px, 1px);" title="&#8222;Der etwas andere Marathon für den guten Zweck&#8220; &#8212; ems TV" src="https://emstv.de/videobeitrag/der-etwas-andere-marathon-fuer-den-guten-zweck/embed/#?secret=7kO0Z1THDp" data-secret="7kO0Z1THDp" width="520" height="293" frameborder="0" marginwidth="0" marginheight="0" scrolling="no"></iframe>
</div><figcaption>EMS TV: <strong>Der etwas andere Marathon für den guten Zweck</strong></figcaption></figure>



<p>Werde <strong>Helfer mit Herz</strong>, gemeinsam sind wir stark!</p>



<p>Vielen Dank!</p>

<p>Am Ostermontag wird Björn (Werder 12 Emsköppe) die 42,195 Kilometer gemeinsam mit Jorge von den Emsland Rolli Kids, der aufgrund einer spastischen Diparese seit seiner Geburt im Rollstuhl sitzt, bewältigen. Der Startschuss wird am 18. April um 10 Uhr am Meppener Rathaus fallen. In der Harener Innenstadt ist die Hälfte (21 KM Halbmarathondistanz) von 42,195 [&hellip;]</p>
