{"id":302,"date":"2022-02-25T14:17:21","date_gmt":"2022-02-25T13:17:21","guid":{"rendered":"https:\/\/spendenmarathon.werder12emskoeppe.de\/?page_id=302"},"modified":"2022-04-05T10:04:00","modified_gmt":"2022-04-05T08:04:00","slug":"auktion-signiertes-matchworn-trikot","status":"publish","type":"page","link":"https:\/\/spendenmarathon.werder12emskoeppe.de\/?page_id=302","title":{"rendered":"Auktion &#8211; Signiertes SV Meppen Matchworn Trikot"},"content":{"rendered":"\n<p>Bis Sonntag den 06.03.2022 habt Ihr die M\u00f6glichkeit HIER ein <strong>von der kompletten Mannschaft signiertes Matchworn-Trikot von THILO LEUGERS<\/strong> f\u00fcr den guten Zweck zu ersteigern! <\/p>\n\n\n\n<p class=\"has-text-align-center has-text-color has-larger-font-size\" style=\"color:#f3a232\">(<strong>Beendet) Gebot: 800\u20ac<\/strong><\/p>\n\n\n\n<p><strong>H\u00f6chstbieter:<\/strong> Unternehmensgruppe Kramer-Lancas<\/p>\n\n\n\n<p>(Nach Ablauf der Aktion wird Thilo Leugers das Trikot pers\u00f6nlich an den H\u00f6chstbieter \u00fcbergeben!)<\/p>\n\n\n\n<figure class=\"wp-block-image size-large\"><img loading=\"lazy\" decoding=\"async\" width=\"1011\" height=\"1024\" src=\"https:\/\/spendenmarathon.werder12emskoeppe.de\/wp-content\/uploads\/2022\/02\/AddText_02-25-01.40.13-1011x1024.jpg\" alt=\"\" class=\"wp-image-303\" srcset=\"https:\/\/spendenmarathon.werder12emskoeppe.de\/wp-content\/uploads\/2022\/02\/AddText_02-25-01.40.13-1011x1024.jpg 1011w, https:\/\/spendenmarathon.werder12emskoeppe.de\/wp-content\/uploads\/2022\/02\/AddText_02-25-01.40.13-296x300.jpg 296w, https:\/\/spendenmarathon.werder12emskoeppe.de\/wp-content\/uploads\/2022\/02\/AddText_02-25-01.40.13-768x778.jpg 768w, https:\/\/spendenmarathon.werder12emskoeppe.de\/wp-content\/uploads\/2022\/02\/AddText_02-25-01.40.13-1517x1536.jpg 1517w, https:\/\/spendenmarathon.werder12emskoeppe.de\/wp-content\/uploads\/2022\/02\/AddText_02-25-01.40.13-2022x2048.jpg 2022w, https:\/\/spendenmarathon.werder12emskoeppe.de\/wp-content\/uploads\/2022\/02\/AddText_02-25-01.40.13-1870x1894.jpg 1870w, https:\/\/spendenmarathon.werder12emskoeppe.de\/wp-content\/uploads\/2022\/02\/AddText_02-25-01.40.13-400x405.jpg 400w, https:\/\/spendenmarathon.werder12emskoeppe.de\/wp-content\/uploads\/2022\/02\/AddText_02-25-01.40.13-800x810.jpg 800w\" sizes=\"auto, (max-width: 1011px) 100vw, 1011px\" \/><\/figure>\n\n\n\n<p class=\"has-text-align-center has-text-color has-large-font-size\" style=\"color:#f1a51b\"><strong>Ein Gebot k\u00f6nnt Ihr ganz einfach per Email  an <a href=\"mailto:auktion@werder12emskoeppe.de\">auktion@werder12emskoeppe.de<\/a> senden! <\/strong><\/p>\n\n\n\n<p>(<strong>WICHTIG:<\/strong> Bitte die Anschrift in der Email mit angeben!)<br>Die Auktion endet am Sonntag den 06.03.2022 um 20 Uhr! Nach Ablauf der Aktion werden wir den Bieter mit dem h\u00f6chsten Gebot kontaktieren.<\/p>\n\n\n\n<figure class=\"wp-block-embed is-type-video is-provider-youtube wp-block-embed-youtube wp-embed-aspect-16-9 wp-has-aspect-ratio\"><div class=\"wp-block-embed__wrapper\">\n<iframe loading=\"lazy\" title=\"Thilo Leugers bei den Emsland Rolli Baskets\/Kids - Spenden Tandem Marathon 2022\" width=\"520\" height=\"293\" src=\"https:\/\/www.youtube.com\/embed\/ft1dD555L-Q?feature=oembed\" frameborder=\"0\" allow=\"accelerometer; autoplay; clipboard-write; encrypted-media; gyroscope; picture-in-picture; web-share\" referrerpolicy=\"strict-origin-when-cross-origin\" allowfullscreen><\/iframe>\n<\/div><figcaption>Thilo Leugers \u00fcberbringt im Namen des SV Meppen der BSG Meppen e.V. eine tolle \u00dcberraschung<\/figcaption><\/figure>\n\n\n\n<p>Ihr habt nat\u00fcrlich auch die M\u00f6glichkeit eine beliebige Summe direkt an die Emsland Rolli Mobility der Behinderten Sport Gemeinschat MEppen e.V. zu spenden! <\/p>\n\n\n\n<div class=\"wp-block-buttons is-layout-flex wp-block-buttons-is-layout-flex\">\n<div class=\"wp-block-button\"><a class=\"wp-block-button__link\" href=\"https:\/\/spendenmarathon.werder12emskoeppe.de\/?page_id=47\">Jetzt Spenden<\/a><\/div>\n<\/div>\n\n\n\n<p>Werde <strong>Helfer mit Herz<\/strong>, gemeinsam sind wir stark!<\/p>\n\n\n\n<p><strong>Vielen Dank!<\/strong><\/p>\n","protected":false},"excerpt":{"rendered":"<p>Bis Sonntag den 06.03.2022 habt Ihr die M\u00f6glichkeit HIER ein von der kompletten Mannschaft signiertes Matchworn-Trikot von THILO LEUGERS f\u00fcr den guten Zweck zu ersteigern! (Beendet) Gebot: 800\u20ac H\u00f6chstbieter: Unternehmensgruppe Kramer-Lancas (Nach Ablauf der Aktion wird Thilo Leugers das Trikot pers\u00f6nlich an den H\u00f6chstbieter \u00fcbergeben!) Ein Gebot k\u00f6nnt Ihr ganz einfach per Email an auktion@werder12emskoeppe.de [&hellip;]<\/p>\n","protected":false},"author":1,"featured_media":0,"parent":0,"menu_order":0,"comment_status":"closed","ping_status":"closed","template":"","meta":{"footnotes":""},"class_list":["post-302","page","type-page","status-publish","hentry","missing-thumbnail"],"_links":{"self":[{"href":"https:\/\/spendenmarathon.werder12emskoeppe.de\/index.php?rest_route=\/wp\/v2\/pages\/302","targetHints":{"allow":["GET"]}}],"collection":[{"href":"https:\/\/spendenmarathon.werder12emskoeppe.de\/index.php?rest_route=\/wp\/v2\/pages"}],"about":[{"href":"https:\/\/spendenmarathon.werder12emskoeppe.de\/index.php?rest_route=\/wp\/v2\/types\/page"}],"author":[{"embeddable":true,"href":"https:\/\/spendenmarathon.werder12emskoeppe.de\/index.php?rest_route=\/wp\/v2\/users\/1"}],"replies":[{"embeddable":true,"href":"https:\/\/spendenmarathon.werder12emskoeppe.de\/index.php?rest_route=%2Fwp%2Fv2%2Fcomments&post=302"}],"version-history":[{"count":17,"href":"https:\/\/spendenmarathon.werder12emskoeppe.de\/index.php?rest_route=\/wp\/v2\/pages\/302\/revisions"}],"predecessor-version":[{"id":368,"href":"https:\/\/spendenmarathon.werder12emskoeppe.de\/index.php?rest_route=\/wp\/v2\/pages\/302\/revisions\/368"}],"wp:attachment":[{"href":"https:\/\/spendenmarathon.werder12emskoeppe.de\/index.php?rest_route=%2Fwp%2Fv2%2Fmedia&parent=302"}],"curies":[{"name":"wp","href":"https:\/\/api.w.org\/{rel}","templated":true}]}}